f 119491?
19, 331
List the prime factors of 34073.
13, 2621
What are the prime factors of 5522?
2, 11, 251
List the prime factors of 351.
3, 13
What are the prime factors of 152276?
2, 38069
List the prime factors of 679.
7, 97
List the prime factors of 1407.
3, 7, 67
List the prime factors of 1878.
2, 3, 313
What are the prime factors of 523?
523
What are the prime factors of 32057?
32057
What are the prime factors of 6226?
2, 11, 283
List the prime factors of 111008.
2, 3469
What are the prime factors of 86921?
17, 5113
List the prime factors of 69039.
3, 2557
What are the prime factors of 2242?
2, 19, 59
List the prime factors of 59885.
5, 7, 29, 59
What are the prime factors of 3846?
2, 3, 641
List the prime factors of 1030.
2, 5, 103
What are the prime factors of 7198?
2, 59, 61
What are the prime factors of 7360?
2, 5, 23
What are the prime factors of 1626?
2, 3, 271
What are the prime factors of 4455?
3, 5, 11
List the prime factors of 16986.
2, 3, 19, 149
List the prime factors of 1362.
2, 3, 227
List the prime factors of 25806.
2, 3, 11, 17, 23
What are the prime factors of 171?
3, 19
List the prime factors of 752.
2, 47
List the prime factors of 63618.
2, 3, 23, 461
What are the prime factors of 360?
2, 3, 5
What are the prime factors of 40964?
2, 7, 11, 19
List the prime factors of 2067.
3, 13, 53
List the prime factors of 6697.
37, 181
What are the prime factors of 366?
2, 3, 61
What are the prime factors of 3144?
2, 3, 131
What are the prime factors of 4029?
3, 17, 79
List the prime factors of 149416.
2, 19, 983
List the prime factors of 791.
7, 113
What are the prime factors of 48171?
3, 16057
List the prime factors of 4772.
2, 1193
List the prime factors of 9040.
2, 5, 113
List the prime factors of 29162.
2, 7, 2083
List the prime factors of 161922.
2, 3, 26987
What are the prime factors of 10853?
10853
List the prime factors of 1191.
3, 397
What are the prime factors of 24930?
2, 3, 5, 277
List the prime factors of 2625.
3, 5, 7
List the prime factors of 254.
2, 127
What are the prime factors of 97299?
3, 19, 569
List the prime factors of 1690.
2, 5, 13
What are the prime factors of 28859?
28859
What are the prime factors of 9673?
17, 569
List the prime factors of 2330.
2, 5, 233
List the prime factors of 70159.
17, 4127
What are the prime factors of 1486?
2, 743
What are the prime factors of 92653?
11, 8423
What are the prime factors of 80496?
2, 3, 13, 43
List the prime factors of 19842.
2, 3, 3307
List the prime factors of 2277.
3, 11, 23
What are the prime factors of 3147?
3, 1049
List the prime factors of 558.
2, 3, 31
List the prime factors of 24567.
3, 19, 431
What are the prime factors of 124?
2, 31
What are the prime factors of 3173?
19, 167
What are the prime factors of 319?
11, 29
What are the prime factors of 25068?
2, 3, 2089
What are the prime factors of 1468?
2, 367
List the prime factors of 906.
2, 3, 151
List the prime factors of 137740.
2, 5, 71, 97
List the prime factors of 16474.
2, 8237
List the prime factors of 2149.
7, 307
List the prime factors of 1008.
2, 3, 7
List the prime factors of 2936.
2, 367
What are the prime factors of 10206?
2, 3, 7
List the prime factors of 767.
13, 59
List the prime factors of 411.
3, 137
What are the prime factors of 103722?
2, 3, 59, 293
What are the prime factors of 1696?
2, 53
What are the prime factors of 22?
2, 11
List the prime factors of 11065.
5, 2213
List the prime factors of 1273.
19, 67
What are the prime factors of 43941?
3, 97, 151
What are the prime factors of 1436?
2, 359
List the prime factors of 422.
2, 211
What are the prime factors of 2177?
7, 311
What are the prime factors of 10792?
2, 19, 71
What are the prime factors of 22221?
3, 823
What are the prime factors of 461?
461
What are the prime factors of 13246?
2, 37, 179
What are the prime factors of 1075?
5, 43
What are the prime factors of 46578?
2, 3, 7, 1109
What are the prime factors of 2167?
11, 197
List the prime factors of 8560.
2, 5, 107
List the prime factors of 60910.
2, 5, 6091
What are the prime factors of 13117?
13, 1009
What are the prime factors of 19118?
2, 11, 79
What are the prime factors of 621?
3, 23
List the prime factors of 22003.
22003
List the prime factors of 6658.
2, 3329
What are the prime factors of 1387?
19, 73
List the prime factors of 12491.
12491
What are the prime factors of 15010?
2, 5, 19, 79
List the prime factors of 34972.
2, 7, 1249
What are the prime factors of 3724?
2, 7, 19
What are the prime factors of 6936?
2, 3, 17
List the prime factors of 1304.
2, 163
List the prime factors of 20387.
19, 29, 37
What are the prime factors of 48538?
2, 7, 3467
List the prime factors of 898.
2, 449
What are the prime factors of 3569?
43, 83
What are the prime factors of 2165?
5, 433
List the prime factors of 21897.
3, 811
List the prime factors of 1414.
2, 7, 101
List the prime factors of 100507.
11, 9137
List the prime factors of 5374.
2, 2687
List the prime factors of 36225.
3, 5, 7, 23
List the prime factors of 8898.
2, 3, 1483
What are the prime factors of 34046?
2, 29, 587
List the prime factors of 2420.
2, 5, 11
What are the prime factors of 26489?
26489
List the prime factors of 193.
193
What are the prime factors of 2389?
2389
List the prime factors of 5249.
29, 181
List the prime factors of 269.
269
What are the prime factors of 1186?
2, 593
List the prime factors of 7496.
2, 937
What are the prime factors of 5015?
5, 17, 59
What are the prime factors of 571?
571
What are the prime factors of 6234?
2, 3, 1039
What are the prime factors of 39274?
2, 73, 269
What are the prime factors of 976?
2, 61
What are the prime factors of 1271?
31, 41
What are the prime factors of 4790?
2, 5, 479
What are the prime factors of 76041?
3, 7, 17, 71
List the prime factors of 38901.
3, 12967
List the prime factors of 1069.
1069
List the prime factors of 11568.
2, 3, 241
List the prime factors of 3165.
3, 5, 211
What are the prime factors of 2405?
5, 13, 37
List the prime factors of 1200.
2, 3, 5
List the prime factors of 1788.
2, 3, 149
List the prime factors of 466.
2, 233
List the prime factors of 2276.
2, 569
What are the prime factors of 3447?
3, 383
What are the prime factors of 14505?
3, 5, 967
List the prime factors of 9264.
2, 3, 193
What are the prime factors of 4678?
2, 2339
What are the prime factors of 11166?
2, 3, 1861
List the prime factors of 4440.
2, 3, 5, 37
What are the prime factors of 3398?
2, 1699
List the prime factors of 671.
11, 61
What are the prime factors of 95451?
3, 31817
List the prime factors of 10642.
2, 17, 313
What are the prime factors of 22250?
2, 5, 89
List the prime factors of 4766.
2, 2383
List the prime factors of 44709.
3, 7, 2129
What are the prime factors of 474?
2, 3, 79
What are the prime factors of 1173?
3, 17, 23
List the prime factors of 14921.
43, 347
List the prime factors of 99.
3, 11
What are the prime factors of 52510?
2, 5, 59, 89
What are the prime factors of 26184?
2, 3, 1091
What are the prime factors of 4666?
2, 2333
List the prime factors of 381.
3, 127
List the prime factors of 1516.
2, 379
What are the prime factors of 55688?
2, 6961
List the prime factors of 1368.
2, 3, 19
List the prime factors of 6282.
2, 3, 349
List the prime factors of 2668.
2, 23, 29
What are the prime factors of 13077?
3, 1453
List the prime factors of 592.
2, 37
What are the prime factors of 17172?
2, 3, 53
List the prime factors of 26969.
149, 181
What are the prime factors of 9970?
2, 5, 997
What are the prime factors of 91?
7, 13
What are the prime factors of 942?
2, 3, 157
What are the prime factors of 1191?
3, 397
What are the prime factors of 146?
2, 73
What are the prime factors of 2850?
2, 3, 5, 19
What are the prime factors of 9029?
9029
What are the prime factors of 1021?
1021
What are the prime factors of 777?
3, 7, 37
List the prime factors of 199.
199
What are the prime factors of 11742?
2, 3, 19, 103
List the prime factors of 25566.
2, 3, 4261
What are the prime factors of 71?
71
List the prime factors of 15415.
5, 3083
What are the prime factors of 124675?
5, 4987
What are the prime factors of 390?
2, 3, 5, 13
What are the prime factors of 677?
677
List the prime factors of 3084.
2, 3, 257
List the prime factors of 15426.
2, 3, 857
